{"id":2285,"date":"2023-09-21T15:19:58","date_gmt":"2023-09-21T13:19:58","guid":{"rendered":"https:\/\/www.bwpn.de\/pflegenetzwerk\/?post_type=encyclopedia&#038;p=2285"},"modified":"2023-09-21T15:54:30","modified_gmt":"2023-09-21T13:54:30","slug":"pflegeantrag","status":"publish","type":"encyclopedia","link":"https:\/\/www.bwpn.de\/pflegenetzwerk\/glossar\/pflegeantrag\/","title":{"rendered":"Pflegeantrag"},"content":{"rendered":"\n<div style=\"height:30px\" aria-hidden=\"true\" class=\"wp-block-spacer\"><\/div>\n\n\n\n<p style=\"font-size:22px\">Bei einem Pflegeantrag handelt es sich, korrekt ausgedr&uuml;ckt, um einen Antrag auf Leistungen der Pflegeversicherung. Dabei ist es unwichtig, ob die pflegebed&uuml;rtftige Person in der privaten oder gesetzlichen Pflegeversicherung versichert ist.<\/p>\n\n\n\n<p style=\"font-size:22px\">Ich beantrage Leistungen f&uuml;r meine Pflege durch:<\/p>\n\n\n\n<ul class=\"wp-block-list\" style=\"font-size:22px\">\n<li>Angeh&ouml;rige oder eine andere Privatperson &ndash; oder<\/li>\n\n\n\n<li>einen Pflegedienst &ndash; oder<\/li>\n\n\n\n<li>ein Pflegeheim oder eine Behinderteneinrichtung &ndash; oder<\/li>\n\n\n\n<li>eine Tages- oder Nachtpflegeeinrichtung<\/li>\n<\/ul>\n\n\n\n<p style=\"font-size:22px\">Das Antragsdatum ist f&uuml;r den Leistungsbeginn entscheidend. Denn die Leistungen k&ouml;nnen fr&uuml;hestens ab dem Monat gezahlt werden, in dem der Antrag gestellt wurde.<\/p>\n\n\n\n<div style=\"height:30px\" aria-hidden=\"true\" class=\"wp-block-spacer\"><\/div>\n\n\n\n<div class=\"wp-block-media-text is-stacked-on-mobile\"><figure class=\"wp-block-media-text__media\"><a href=\"https:\/\/www.bwpn.de\/pflegenetzwerk\/pflegeantrag\/\"><img loading=\"lazy\" decoding=\"async\" width=\"1024\" height=\"682\" src=\"https:\/\/www.bwpn.de\/pflegenetzwerk\/wp-content\/uploads\/2022\/10\/BWPN-Pflegeantrag-Punkt-fuer-Punkt-1024x682.jpg\" alt=\"Der Pflegeantrag Punkt f&uuml;r Punkt (BWPN)\" class=\"wp-image-6938 size-full\" title=\"\" srcset=\"https:\/\/www.bwpn.de\/pflegenetzwerk\/wp-content\/uploads\/2022\/10\/BWPN-Pflegeantrag-Punkt-fuer-Punkt-200x133.jpg 200w, https:\/\/www.bwpn.de\/pflegenetzwerk\/wp-content\/uploads\/2022\/10\/BWPN-Pflegeantrag-Punkt-fuer-Punkt-300x200.jpg 300w, https:\/\/www.bwpn.de\/pflegenetzwerk\/wp-content\/uploads\/2022\/10\/BWPN-Pflegeantrag-Punkt-fuer-Punkt-400x267.jpg 400w, https:\/\/www.bwpn.de\/pflegenetzwerk\/wp-content\/uploads\/2022\/10\/BWPN-Pflegeantrag-Punkt-fuer-Punkt-600x400.jpg 600w, https:\/\/www.bwpn.de\/pflegenetzwerk\/wp-content\/uploads\/2022\/10\/BWPN-Pflegeantrag-Punkt-fuer-Punkt-768x512.jpg 768w, https:\/\/www.bwpn.de\/pflegenetzwerk\/wp-content\/uploads\/2022\/10\/BWPN-Pflegeantrag-Punkt-fuer-Punkt-800x533.jpg 800w, https:\/\/www.bwpn.de\/pflegenetzwerk\/wp-content\/uploads\/2022\/10\/BWPN-Pflegeantrag-Punkt-fuer-Punkt-1024x682.jpg 1024w, https:\/\/www.bwpn.de\/pflegenetzwerk\/wp-content\/uploads\/2022\/10\/BWPN-Pflegeantrag-Punkt-fuer-Punkt.jpg 1100w\" sizes=\"auto, (max-width: 1024px) 100vw, 1024px\"><\/a><\/figure><div class=\"wp-block-media-text__content\">\n<p class=\"has-text-align-right has-large-font-size\"><strong>In unserem ausf&uuml;hrlichen Beitrag &ldquo;<a href=\"https:\/\/www.bwpn.de\/pflegenetzwerk\/pflegeantrag\/\">Der Pflegeantrag<\/a>&rdquo; erfahren Sie mehr dar&uuml;ber.<\/strong><\/p>\n<\/div><\/div>\n","protected":false},"excerpt":{"rendered":"<p>Bei einem Pflegeantrag handelt es sich, korrekt ausgedr\u00fcckt, um einen Antrag auf Leistungen der Pflegeversicherung. Dabei ist es unwichtig, ob die pflegebed\u00fcrtftige Person in der privaten oder gesetzlichen Pflegeversicherung versichert ist. Ich beantrage Leistungen f\u00fcr meine Pflege durch: Das Antragsdatum ist f\u00fcr den Leistungsbeginn entscheidend. Denn die Leistungen k\u00f6nnen fr\u00fchestens ab dem Monat gezahlt werden,  [&#8230;]<\/p>\n","protected":false},"author":4,"featured_media":0,"template":"","encyclopedia-category":[384],"encyclopedia-tag":[224,344,180],"faq_category":[],"class_list":["post-2285","encyclopedia","type-encyclopedia","status-publish","hentry","encyclopedia-category-pflegeleistungen","encyclopedia-tag-informationen","encyclopedia-tag-pflegebeduerftigkeit","encyclopedia-tag-pflegegrad"],"_links":{"self":[{"href":"https:\/\/www.bwpn.de\/pflegenetzwerk\/wp-json\/wp\/v2\/encyclopedia\/2285","targetHints":{"allow":["GET"]}}],"collection":[{"href":"https:\/\/www.bwpn.de\/pflegenetzwerk\/wp-json\/wp\/v2\/encyclopedia"}],"about":[{"href":"https:\/\/www.bwpn.de\/pflegenetzwerk\/wp-json\/wp\/v2\/types\/encyclopedia"}],"author":[{"embeddable":true,"href":"https:\/\/www.bwpn.de\/pflegenetzwerk\/wp-json\/wp\/v2\/users\/4"}],"version-history":[{"count":5,"href":"https:\/\/www.bwpn.de\/pflegenetzwerk\/wp-json\/wp\/v2\/encyclopedia\/2285\/revisions"}],"predecessor-version":[{"id":7632,"href":"https:\/\/www.bwpn.de\/pflegenetzwerk\/wp-json\/wp\/v2\/encyclopedia\/2285\/revisions\/7632"}],"wp:attachment":[{"href":"https:\/\/www.bwpn.de\/pflegenetzwerk\/wp-json\/wp\/v2\/media?parent=2285"}],"wp:term":[{"taxonomy":"encyclopedia-category","embeddable":true,"href":"https:\/\/www.bwpn.de\/pflegenetzwerk\/wp-json\/wp\/v2\/encyclopedia-category?post=2285"},{"taxonomy":"encyclopedia-tag","embeddable":true,"href":"https:\/\/www.bwpn.de\/pflegenetzwerk\/wp-json\/wp\/v2\/encyclopedia-tag?post=2285"},{"taxonomy":"faq_category","embeddable":true,"href":"https:\/\/www.bwpn.de\/pflegenetzwerk\/wp-json\/wp\/v2\/faq_category?post=2285"}],"curies":[{"name":"wp","href":"https:\/\/api.w.org\/{rel}","templated":true}]}}

<p>Bei einem Pflegeantrag handelt es sich, korrekt ausgedrückt, um einen Antrag auf Leistungen der Pflegeversicherung. Dabei ist es unwichtig, ob die pflegebedürtftige Person in der privaten oder gesetzlichen Pflegeversicherung versichert ist. Ich beantrage Leistungen für meine Pflege durch: Das Antragsdatum ist für den Leistungsbeginn entscheidend. Denn die Leistungen können frühestens ab dem Monat gezahlt werden,  [&#8230;]</p>
