{"id":2128,"date":"2018-08-09T10:47:29","date_gmt":"2018-08-09T08:47:29","guid":{"rendered":"https:\/\/www.bwpn.de\/pflegenetzwerk\/?post_type=encyclopedia&#038;p=2128"},"modified":"2018-08-14T08:52:15","modified_gmt":"2018-08-14T06:52:15","slug":"gestaltung-des-alltagslebens-und-sozialer-kontakte","status":"publish","type":"encyclopedia","link":"https:\/\/www.bwpn.de\/pflegenetzwerk\/glossar\/gestaltung-des-alltagslebens-und-sozialer-kontakte\/","title":{"rendered":"Gestaltung des Alltagslebens und sozialer Kontakte"},"content":{"rendered":"<p>Zu bewerten ist, ob die Person die jeweilige Aktivit&auml;t praktisch durchf&uuml;hren kann. Es ist unerheblich, ob die Beeintr&auml;chtigungen der Selbst&auml;ndigkeit aufgrund von Sch&auml;digungen somatischer oder mentaler Funktionen bestehen oder ob Teilaspekte bereits in anderen Modulen ber&uuml;cksichtigt worden sind. Zur Gestaltung des Alltagslebens und sozialer Kontakte z&auml;hlt laut Definition des NBA<\/p>\n<ul>\n<li><a href=\"https:\/\/www.bwpn.de\/pflegenetzwerk\/glossar\/gestaltung-des-tagesablaufs\/\" target=\"_self\" title=\"Gestaltung des Tagesablaufs und Anpassung an Ver&auml;nderungen Den Tagesablauf nach&hellip;\" class=\"encyclopedia\">Gestaltung des Tagesablaufs<\/a> und Anpassung an Ver&auml;nderungen<\/li>\n<li><a href=\"https:\/\/www.bwpn.de\/pflegenetzwerk\/glossar\/ruhen-und-schlafen\/\" target=\"_self\" title=\"Nach individuellen Gewohnheiten einen Tag-Nacht-Rhythmus einhalten und f&uuml;r ausreichende Ruhe-&hellip;\" class=\"encyclopedia\">Ruhen und Schlafen<\/a><\/li>\n<li>Sich besch&auml;ftigen<\/li>\n<li>Vornehmen von in die Zukunft gerichteten Planungen<\/li>\n<li>Interaktion mit Personen im direkten Kontakt<\/li>\n<li><a href=\"https:\/\/www.bwpn.de\/pflegenetzwerk\/glossar\/kontaktpflege\/\" target=\"_self\" title=\"Kontaktpflege im Modul 6 Definitionsgem&auml;&szlig; handelt es sich bei der&hellip;\" class=\"encyclopedia\">Kontaktpflege<\/a> zu Personen au&szlig;erhalb des direkten Umfelds<\/li>\n<\/ul>\n","protected":false},"excerpt":{"rendered":"<p>Zu bewerten ist, ob die Person die jeweilige Aktivit\u00e4t praktisch durchf\u00fchren kann. Es ist unerheblich, ob die Beeintr\u00e4chtigungen der Selbst\u00e4ndigkeit aufgrund von Sch\u00e4digungen somatischer oder mentaler Funktionen bestehen oder ob Teilaspekte bereits in anderen Modulen ber\u00fccksichtigt worden sind. Zur Gestaltung des Alltagslebens und sozialer Kontakte z\u00e4hlt laut Definition des NBA Gestaltung des Tagesablaufs und Anpassung  [&#8230;]<\/p>\n","protected":false},"author":4,"featured_media":0,"template":"","encyclopedia-category":[193],"encyclopedia-tag":[],"faq_category":[],"class_list":["post-2128","encyclopedia","type-encyclopedia","status-publish","hentry","encyclopedia-category-neues-begutachtungsassessment-nba"],"_links":{"self":[{"href":"https:\/\/www.bwpn.de\/pflegenetzwerk\/wp-json\/wp\/v2\/encyclopedia\/2128","targetHints":{"allow":["GET"]}}],"collection":[{"href":"https:\/\/www.bwpn.de\/pflegenetzwerk\/wp-json\/wp\/v2\/encyclopedia"}],"about":[{"href":"https:\/\/www.bwpn.de\/pflegenetzwerk\/wp-json\/wp\/v2\/types\/encyclopedia"}],"author":[{"embeddable":true,"href":"https:\/\/www.bwpn.de\/pflegenetzwerk\/wp-json\/wp\/v2\/users\/4"}],"version-history":[{"count":1,"href":"https:\/\/www.bwpn.de\/pflegenetzwerk\/wp-json\/wp\/v2\/encyclopedia\/2128\/revisions"}],"predecessor-version":[{"id":2238,"href":"https:\/\/www.bwpn.de\/pflegenetzwerk\/wp-json\/wp\/v2\/encyclopedia\/2128\/revisions\/2238"}],"wp:attachment":[{"href":"https:\/\/www.bwpn.de\/pflegenetzwerk\/wp-json\/wp\/v2\/media?parent=2128"}],"wp:term":[{"taxonomy":"encyclopedia-category","embeddable":true,"href":"https:\/\/www.bwpn.de\/pflegenetzwerk\/wp-json\/wp\/v2\/encyclopedia-category?post=2128"},{"taxonomy":"encyclopedia-tag","embeddable":true,"href":"https:\/\/www.bwpn.de\/pflegenetzwerk\/wp-json\/wp\/v2\/encyclopedia-tag?post=2128"},{"taxonomy":"faq_category","embeddable":true,"href":"https:\/\/www.bwpn.de\/pflegenetzwerk\/wp-json\/wp\/v2\/faq_category?post=2128"}],"curies":[{"name":"wp","href":"https:\/\/api.w.org\/{rel}","templated":true}]}}

<p>Zu bewerten ist, ob die Person die jeweilige Aktivität praktisch durchführen kann. Es ist unerheblich, ob die Beeinträchtigungen der Selbständigkeit aufgrund von Schädigungen somatischer oder mentaler Funktionen bestehen oder ob Teilaspekte bereits in anderen Modulen berücksichtigt worden sind. Zur Gestaltung des Alltagslebens und sozialer Kontakte zählt laut Definition des NBA Gestaltung des Tagesablaufs und Anpassung  [&#8230;]</p>
